{"id":1714,"date":"2018-04-24T15:05:04","date_gmt":"2018-04-24T15:05:04","guid":{"rendered":"http:\/\/www.leplang.be\/?page_id=1714"},"modified":"2020-10-26T16:29:14","modified_gmt":"2020-10-26T16:29:14","slug":"a-propos-de-nous","status":"publish","type":"page","link":"https:\/\/www.leplang.be\/?page_id=1714","title":{"rendered":"La Scierie Leplang"},"content":{"rendered":"<h3 style=\"text-align: center;\">Une histoire de famille<\/h3>\n<p style=\"text-align: center;\">La famille LEPLANG scie du ch\u00eane depuis plus de 60 ans. Tout a commenc\u00e9 avec Albert LEPLANG, le grand-p\u00e8re, qui construisait de magnifiques et robustes s\u00e9choirs \u00e0 tabac en ch\u00eane. Dans sa recherche d&rsquo;une meilleure rentabilit\u00e9, d&rsquo;une certaine ind\u00e9pendance et d&rsquo;une plus grande flexibilit\u00e9, Albert d\u00e9cida peu apr\u00e8s la deuxi\u00e8me guerre mondiale d&rsquo;installer sa propre scierie en bord de Semois. Serge, son fils, reprend la rel\u00e8ve et cr\u00e9era en 1986 pour ses fils, Pascal et Bruno, la s.a. LEPLANG FRERES<\/p>\n<p style=\"text-align: center;\">Aujourd&rsquo;hui, l&rsquo;entreprise familiale est dot\u00e9e d&rsquo;une importante capacit\u00e9 de sciage (1200 m\u00b3 par mois) et figure parmi les derni\u00e8res scieries industrielles de Wallonie. Situ\u00e9e \u00e0 Alle-Sur-Semois dans le sud de la Wallonie, elle s&rsquo;approvisionne localement dans les for\u00eats de Bouillon, d&rsquo;Arlon ou encore d&rsquo;Anlier. Apr\u00e8s une s\u00e9v\u00e8re s\u00e9lection de la mati\u00e8re premi\u00e8re, les fr\u00e8res LEPLANG ne scient, s\u00e8chent et trient que du ch\u00eane local \u00e0 grain fin. La couleur claire et la finesse de sa fibre permettent une production d&rsquo;aviv\u00e9s particuli\u00e8rement adapt\u00e9e \u00e0 la r\u00e9alisation d&rsquo;espaces de vie \u00e0 l&rsquo;ambiance chaude et feutr\u00e9e.<\/p>\n<p style=\"text-align: center;\"><img loading=\"lazy\" decoding=\"async\" class=\"alignnone  wp-image-1746\" src=\"https:\/\/www.leplang.be\/wp-content\/uploads\/2018\/04\/cropped-Label-Bois-local-300x300.jpg\" alt=\"\" width=\"236\" height=\"236\" srcset=\"https:\/\/www.leplang.be\/wp-content\/uploads\/2018\/04\/cropped-Label-Bois-local-300x300.jpg 300w, https:\/\/www.leplang.be\/wp-content\/uploads\/2018\/04\/cropped-Label-Bois-local-150x150.jpg 150w, https:\/\/www.leplang.be\/wp-content\/uploads\/2018\/04\/cropped-Label-Bois-local.jpg 512w\" sizes=\"auto, (max-width: 236px) 100vw, 236px\" \/><\/p>\n<h3 style=\"text-align: center;\">Un bois local pour une qualit\u00e9 sup\u00e9rieure<\/h3>\n<p class=\"wnd-align-justify\" style=\"text-align: center;\">La scierie joue son r\u00f4le d&rsquo;acteur \u00e9conomique local en s&rsquo;approvisionnant dans les for\u00eats avoisinantes (Bouillon, Arlon et Anlier) et en employant une douzaine de personnes habitant la r\u00e9gion.<\/p>\n<p class=\"wnd-align-justify\" style=\"text-align: center;\">C&rsquo;est donc originaire de nos Ardennes que chaque grume est minutieusement s\u00e9lectionn\u00e9e car seuls les ch\u00eanes \u00e0 grain fin seront d\u00e9bit\u00e9s au meilleur rendement.<\/p>\n<p class=\"wnd-align-justify\" style=\"text-align: center;\">La scierie prend encore le temps de laisser ressuyer les ch\u00eanes d\u00e9bit\u00e9s \u00e0 l&rsquo;air libre, de les rentrer ensuite sous abris orient\u00e9 plein Nord, avant de terminer ce s\u00e9chage naturel dans les chambres de d\u00e9shumidification. Les aviv\u00e9s seront retravaill\u00e9s apr\u00e8s s\u00e9chage optimisant ainsi leur stabilit\u00e9, leur plan\u00e9it\u00e9 et leur rectitude.<\/p>\n<h3 style=\"text-align: center;\">Un sp\u00e9cialiste du ch\u00eane de qualit\u00e9 qui vous offre<\/h3>\n<p><img loading=\"lazy\" decoding=\"async\" class=\"aligncenter wp-image-1717\" src=\"https:\/\/www.leplang.be\/wp-content\/uploads\/2018\/04\/Meubles-sur-mesure.jpg\" alt=\"\" width=\"92\" height=\"91\" srcset=\"https:\/\/www.leplang.be\/wp-content\/uploads\/2018\/04\/Meubles-sur-mesure.jpg 241w, https:\/\/www.leplang.be\/wp-content\/uploads\/2018\/04\/Meubles-sur-mesure-150x150.jpg 150w\" sizes=\"auto, (max-width: 92px) 100vw, 92px\" \/><\/p>\n<p style=\"text-align: center;\"><strong>Un mat\u00e9riau local<\/strong><\/p>\n<div class=\"text cf design-01\">\n<div class=\"text-content\">\n<p class=\"wnd-align-justify\" style=\"text-align: center;\">Le ch\u00eane des for\u00eats d&rsquo;Ardennes pour une authenticit\u00e9, une solidit\u00e9 et une beaut\u00e9 du mat\u00e9riau travaill\u00e9.<\/p>\n<\/div>\n<\/div>\n<div class=\"text cf design-01\">\n<div class=\"text-content\">\n<p style=\"text-align: center;\"><strong>Des meubles sur mesure<\/strong><\/p>\n<\/div>\n<\/div>\n<div class=\"text cf design-01\">\n<div class=\"text-content\">\n<p class=\"wnd-align-justify\" style=\"text-align: center;\">Des id\u00e9es, des d\u00e9sirs ou des r\u00eaves ? Faites nous en part et nous r\u00e9aliserons vos mod\u00e8les sur mesures.<\/p>\n<\/div>\n<\/div>\n","protected":false},"excerpt":{"rendered":"<p>Une histoire de famille La famille LEPLANG scie du ch\u00eane depuis plus de 60 ans. Tout a commenc\u00e9 avec Albert LEPLANG, le grand-p\u00e8re, qui construisait de magnifiques et robustes s\u00e9choirs \u00e0 tabac en ch\u00eane. Dans sa recherche d&rsquo;une meilleure rentabilit\u00e9, d&rsquo;une certaine ind\u00e9pendance et d&rsquo;une plus grande flexibilit\u00e9, Albert d\u00e9cida peu apr\u00e8s la deuxi\u00e8me guerre<span class=\"read-more-wrap\"><a class=\"moretag\" href=\"https:\/\/www.leplang.be\/?page_id=1714\">Lire la suite<span class=\"screen-reader-text\">La Scierie Leplang<\/span><\/a><\/span><\/p>\n","protected":false},"author":3,"featured_media":0,"parent":1793,"menu_order":0,"comment_status":"closed","ping_status":"closed","template":"","meta":{"footnotes":""},"class_list":["post-1714","page","type-page","status-publish","hentry"],"yoast_head":"<!-- This site is optimized with the Yoast SEO plugin v27.4 - https:\/\/yoast.com\/product\/yoast-seo-wordpress\/ -->\n<title>La Scierie Leplang - LEPLANG Bois<\/title>\n<meta name=\"robots\" content=\"index, follow, max-snippet:-1, max-image-preview:large, max-video-preview:-1\" \/>\n<link rel=\"canonical\" href=\"https:\/\/www.leplang.be\/?page_id=1714\" \/>\n<meta property=\"og:locale\" content=\"fr_FR\" \/>\n<meta property=\"og:type\" content=\"article\" \/>\n<meta property=\"og:title\" content=\"La Scierie Leplang - LEPLANG Bois\" \/>\n<meta property=\"og:description\" content=\"Une histoire de famille La famille LEPLANG scie du ch\u00eane depuis plus de 60 ans. Tout a commenc\u00e9 avec Albert LEPLANG, le grand-p\u00e8re, qui construisait de magnifiques et robustes s\u00e9choirs \u00e0 tabac en ch\u00eane. Dans sa recherche d&rsquo;une meilleure rentabilit\u00e9, d&rsquo;une certaine ind\u00e9pendance et d&rsquo;une plus grande flexibilit\u00e9, Albert d\u00e9cida peu apr\u00e8s la deuxi\u00e8me guerreLire la suiteLa Scierie Leplang\" \/>\n<meta property=\"og:url\" content=\"https:\/\/www.leplang.be\/?page_id=1714\" \/>\n<meta property=\"og:site_name\" content=\"LEPLANG Bois\" \/>\n<meta property=\"article:modified_time\" content=\"2020-10-26T16:29:14+00:00\" \/>\n<meta property=\"og:image\" content=\"http:\/\/www.leplang.be\/wp-content\/uploads\/2018\/04\/cropped-Label-Bois-local-300x300.jpg\" \/>\n<meta name=\"twitter:card\" content=\"summary_large_image\" \/>\n<meta name=\"twitter:label1\" content=\"Dur\u00e9e de lecture estim\u00e9e\" \/>\n\t<meta name=\"twitter:data1\" content=\"2 minutes\" \/>\n<script type=\"application\/ld+json\" class=\"yoast-schema-graph\">{\"@context\":\"https:\\\/\\\/schema.org\",\"@graph\":[{\"@type\":\"WebPage\",\"@id\":\"https:\\\/\\\/www.leplang.be\\\/?page_id=1714\",\"url\":\"https:\\\/\\\/www.leplang.be\\\/?page_id=1714\",\"name\":\"La Scierie Leplang - LEPLANG Bois\",\"isPartOf\":{\"@id\":\"https:\\\/\\\/www.leplang.be\\\/#website\"},\"primaryImageOfPage\":{\"@id\":\"https:\\\/\\\/www.leplang.be\\\/?page_id=1714#primaryimage\"},\"image\":{\"@id\":\"https:\\\/\\\/www.leplang.be\\\/?page_id=1714#primaryimage\"},\"thumbnailUrl\":\"https:\\\/\\\/www.leplang.be\\\/wp-content\\\/uploads\\\/2018\\\/04\\\/cropped-Label-Bois-local-300x300.jpg\",\"datePublished\":\"2018-04-24T15:05:04+00:00\",\"dateModified\":\"2020-10-26T16:29:14+00:00\",\"breadcrumb\":{\"@id\":\"https:\\\/\\\/www.leplang.be\\\/?page_id=1714#breadcrumb\"},\"inLanguage\":\"fr-FR\",\"potentialAction\":[{\"@type\":\"ReadAction\",\"target\":[\"https:\\\/\\\/www.leplang.be\\\/?page_id=1714\"]}]},{\"@type\":\"ImageObject\",\"inLanguage\":\"fr-FR\",\"@id\":\"https:\\\/\\\/www.leplang.be\\\/?page_id=1714#primaryimage\",\"url\":\"https:\\\/\\\/www.leplang.be\\\/wp-content\\\/uploads\\\/2018\\\/04\\\/cropped-Label-Bois-local.jpg\",\"contentUrl\":\"https:\\\/\\\/www.leplang.be\\\/wp-content\\\/uploads\\\/2018\\\/04\\\/cropped-Label-Bois-local.jpg\",\"width\":512,\"height\":512},{\"@type\":\"BreadcrumbList\",\"@id\":\"https:\\\/\\\/www.leplang.be\\\/?page_id=1714#breadcrumb\",\"itemListElement\":[{\"@type\":\"ListItem\",\"position\":1,\"name\":\"Accueil\",\"item\":\"https:\\\/\\\/www.leplang.be\\\/\"},{\"@type\":\"ListItem\",\"position\":2,\"name\":\"Accueil\",\"item\":\"https:\\\/\\\/www.leplang.be\\\/\"},{\"@type\":\"ListItem\",\"position\":3,\"name\":\"La Scierie Leplang\"}]},{\"@type\":\"WebSite\",\"@id\":\"https:\\\/\\\/www.leplang.be\\\/#website\",\"url\":\"https:\\\/\\\/www.leplang.be\\\/\",\"name\":\"Scierie LEPLANG\",\"description\":\"The Quality Oak Specialist\",\"publisher\":{\"@id\":\"https:\\\/\\\/www.leplang.be\\\/#organization\"},\"potentialAction\":[{\"@type\":\"SearchAction\",\"target\":{\"@type\":\"EntryPoint\",\"urlTemplate\":\"https:\\\/\\\/www.leplang.be\\\/?s={search_term_string}\"},\"query-input\":{\"@type\":\"PropertyValueSpecification\",\"valueRequired\":true,\"valueName\":\"search_term_string\"}}],\"inLanguage\":\"fr-FR\"},{\"@type\":\"Organization\",\"@id\":\"https:\\\/\\\/www.leplang.be\\\/#organization\",\"name\":\"LEPLANG\",\"url\":\"https:\\\/\\\/www.leplang.be\\\/\",\"logo\":{\"@type\":\"ImageObject\",\"inLanguage\":\"fr-FR\",\"@id\":\"https:\\\/\\\/www.leplang.be\\\/#\\\/schema\\\/logo\\\/image\\\/\",\"url\":\"https:\\\/\\\/www.leplang.be\\\/wp-content\\\/uploads\\\/2017\\\/02\\\/logo-scierie-e1488368194363.jpg\",\"contentUrl\":\"https:\\\/\\\/www.leplang.be\\\/wp-content\\\/uploads\\\/2017\\\/02\\\/logo-scierie-e1488368194363.jpg\",\"width\":192,\"height\":125,\"caption\":\"LEPLANG\"},\"image\":{\"@id\":\"https:\\\/\\\/www.leplang.be\\\/#\\\/schema\\\/logo\\\/image\\\/\"}}]}<\/script>\n<!-- \/ Yoast SEO plugin. -->","yoast_head_json":{"title":"La Scierie Leplang - LEPLANG Bois","robots":{"index":"index","follow":"follow","max-snippet":"max-snippet:-1","max-image-preview":"max-image-preview:large","max-video-preview":"max-video-preview:-1"},"canonical":"https:\/\/www.leplang.be\/?page_id=1714","og_locale":"fr_FR","og_type":"article","og_title":"La Scierie Leplang - LEPLANG Bois","og_description":"Une histoire de famille La famille LEPLANG scie du ch\u00eane depuis plus de 60 ans. Tout a commenc\u00e9 avec Albert LEPLANG, le grand-p\u00e8re, qui construisait de magnifiques et robustes s\u00e9choirs \u00e0 tabac en ch\u00eane. Dans sa recherche d&rsquo;une meilleure rentabilit\u00e9, d&rsquo;une certaine ind\u00e9pendance et d&rsquo;une plus grande flexibilit\u00e9, Albert d\u00e9cida peu apr\u00e8s la deuxi\u00e8me guerreLire la suiteLa Scierie Leplang","og_url":"https:\/\/www.leplang.be\/?page_id=1714","og_site_name":"LEPLANG Bois","article_modified_time":"2020-10-26T16:29:14+00:00","og_image":[{"url":"http:\/\/www.leplang.be\/wp-content\/uploads\/2018\/04\/cropped-Label-Bois-local-300x300.jpg","type":"","width":"","height":""}],"twitter_card":"summary_large_image","twitter_misc":{"Dur\u00e9e de lecture estim\u00e9e":"2 minutes"},"schema":{"@context":"https:\/\/schema.org","@graph":[{"@type":"WebPage","@id":"https:\/\/www.leplang.be\/?page_id=1714","url":"https:\/\/www.leplang.be\/?page_id=1714","name":"La Scierie Leplang - LEPLANG Bois","isPartOf":{"@id":"https:\/\/www.leplang.be\/#website"},"primaryImageOfPage":{"@id":"https:\/\/www.leplang.be\/?page_id=1714#primaryimage"},"image":{"@id":"https:\/\/www.leplang.be\/?page_id=1714#primaryimage"},"thumbnailUrl":"https:\/\/www.leplang.be\/wp-content\/uploads\/2018\/04\/cropped-Label-Bois-local-300x300.jpg","datePublished":"2018-04-24T15:05:04+00:00","dateModified":"2020-10-26T16:29:14+00:00","breadcrumb":{"@id":"https:\/\/www.leplang.be\/?page_id=1714#breadcrumb"},"inLanguage":"fr-FR","potentialAction":[{"@type":"ReadAction","target":["https:\/\/www.leplang.be\/?page_id=1714"]}]},{"@type":"ImageObject","inLanguage":"fr-FR","@id":"https:\/\/www.leplang.be\/?page_id=1714#primaryimage","url":"https:\/\/www.leplang.be\/wp-content\/uploads\/2018\/04\/cropped-Label-Bois-local.jpg","contentUrl":"https:\/\/www.leplang.be\/wp-content\/uploads\/2018\/04\/cropped-Label-Bois-local.jpg","width":512,"height":512},{"@type":"BreadcrumbList","@id":"https:\/\/www.leplang.be\/?page_id=1714#breadcrumb","itemListElement":[{"@type":"ListItem","position":1,"name":"Accueil","item":"https:\/\/www.leplang.be\/"},{"@type":"ListItem","position":2,"name":"Accueil","item":"https:\/\/www.leplang.be\/"},{"@type":"ListItem","position":3,"name":"La Scierie Leplang"}]},{"@type":"WebSite","@id":"https:\/\/www.leplang.be\/#website","url":"https:\/\/www.leplang.be\/","name":"Scierie LEPLANG","description":"The Quality Oak Specialist","publisher":{"@id":"https:\/\/www.leplang.be\/#organization"},"potentialAction":[{"@type":"SearchAction","target":{"@type":"EntryPoint","urlTemplate":"https:\/\/www.leplang.be\/?s={search_term_string}"},"query-input":{"@type":"PropertyValueSpecification","valueRequired":true,"valueName":"search_term_string"}}],"inLanguage":"fr-FR"},{"@type":"Organization","@id":"https:\/\/www.leplang.be\/#organization","name":"LEPLANG","url":"https:\/\/www.leplang.be\/","logo":{"@type":"ImageObject","inLanguage":"fr-FR","@id":"https:\/\/www.leplang.be\/#\/schema\/logo\/image\/","url":"https:\/\/www.leplang.be\/wp-content\/uploads\/2017\/02\/logo-scierie-e1488368194363.jpg","contentUrl":"https:\/\/www.leplang.be\/wp-content\/uploads\/2017\/02\/logo-scierie-e1488368194363.jpg","width":192,"height":125,"caption":"LEPLANG"},"image":{"@id":"https:\/\/www.leplang.be\/#\/schema\/logo\/image\/"}}]}},"_links":{"self":[{"href":"https:\/\/www.leplang.be\/index.php?rest_route=\/wp\/v2\/pages\/1714","targetHints":{"allow":["GET"]}}],"collection":[{"href":"https:\/\/www.leplang.be\/index.php?rest_route=\/wp\/v2\/pages"}],"about":[{"href":"https:\/\/www.leplang.be\/index.php?rest_route=\/wp\/v2\/types\/page"}],"author":[{"embeddable":true,"href":"https:\/\/www.leplang.be\/index.php?rest_route=\/wp\/v2\/users\/3"}],"replies":[{"embeddable":true,"href":"https:\/\/www.leplang.be\/index.php?rest_route=%2Fwp%2Fv2%2Fcomments&post=1714"}],"version-history":[{"count":6,"href":"https:\/\/www.leplang.be\/index.php?rest_route=\/wp\/v2\/pages\/1714\/revisions"}],"predecessor-version":[{"id":1922,"href":"https:\/\/www.leplang.be\/index.php?rest_route=\/wp\/v2\/pages\/1714\/revisions\/1922"}],"up":[{"embeddable":true,"href":"https:\/\/www.leplang.be\/index.php?rest_route=\/wp\/v2\/pages\/1793"}],"wp:attachment":[{"href":"https:\/\/www.leplang.be\/index.php?rest_route=%2Fwp%2Fv2%2Fmedia&parent=1714"}],"curies":[{"name":"wp","href":"https:\/\/api.w.org\/{rel}","templated":true}]}}